{"id":86,"date":"2026-04-26T20:26:22","date_gmt":"2026-04-26T18:26:22","guid":{"rendered":"https:\/\/lugdunumcontest.com\/?page_id=86"},"modified":"2026-04-27T18:10:31","modified_gmt":"2026-04-27T16:10:31","slug":"initiations_et_animations","status":"publish","type":"page","link":"https:\/\/lugdunumcontest.com\/index.php\/initiations_et_animations\/","title":{"rendered":"Initiations et Animations"},"content":{"rendered":"\n<div class=\"wp-block-group has-global-padding is-layout-constrained wp-block-group-is-layout-constrained\">\n<div class=\"wp-block-group has-global-padding is-layout-constrained wp-block-group-is-layout-constrained\">\n<div class=\"x-container max width offset\">\n<div class=\"x-main full\" role=\"main\">\n<article id=\"post-12\" class=\"post-12 page type-page status-publish hentry no-post-thumbnail\">\n<div class=\"entry-content content\">\n<div class=\"vc_row wpb_row vc_row-fluid\">\n<div class=\"wpb_column vc_column_container vc_col-sm-12\">\n<div class=\"vc_column-inner\">\n<div class=\"wpb_wrapper\">\n<div class=\"wpb_text_column wpb_content_element \">\n<div class=\"wpb_wrapper\">\n<p><em>Retrouvez les informations n\u00e9cessaires pour acc\u00e9der \u00e0 la Place Bellecour <a href=\"https:\/\/web.archive.org\/web\/20240918185739\/https:\/\/lugdunumcontest.com\/infos\/acces\/\">ici<\/a>.<\/em><\/p>\n<\/div>\n<\/div>\n<div class=\"vc_row wpb_row vc_inner vc_row-fluid\">\n<div class=\"wpb_column vc_column_container vc_col-sm-12\">\n<div class=\"vc_column-inner\">\n<div class=\"wpb_wrapper\">\n<div class=\"wpb_text_column wpb_content_element \">\n<div class=\"wpb_wrapper\">\n<h2><span style=\"color: #0d9da4;\">Vendredi 5 Juin<\/span><\/h2>\n<\/div>\n<\/div>\n<\/div>\n<\/div>\n<\/div>\n<\/div>\n<\/div>\n<\/div>\n<\/div>\n<\/div>\n<div class=\"vc_row wpb_row vc_row-fluid\">\n<div class=\"wpb_column vc_column_container vc_col-sm-9\">\n<div class=\"vc_column-inner\">\n<div class=\"wpb_wrapper\">\n<div class=\"wpb_text_column wpb_content_element \">\n<div class=\"wpb_wrapper\">\n<h3><span style=\"color: #80b051;\"><strong>Ouverture du<\/strong> <strong>LUGDUNUM ROLLER CONTEST<\/strong><\/span><\/h3>\n<h3><span style=\"color: #80b051;\"><strong>Randonn\u00e9e Roller<\/strong><\/span><\/h3>\n<p>Rendez-vous 20h30 place Bellecour pour la RANDONN\u00c9E sp\u00e9ciale Lugdunum : une seule grande boucle de 23 km ouverte \u00e0 tous et au plus grand nombre. Quelques speeds au rendez-vous ! Gratuit. <a href=\"https:\/\/generationsroller.fr\/randonnee-roller-vendredi-soir-lyon-place-bellecour\/parcours-de-la-semaine\/\">Voir parcours<\/a>.<\/p>\n<p>Organis\u00e9e par <a href=\"https:\/\/generationsroller.fr\/\" target=\"_blank\" rel=\"noopener noreferrer\">G\u00e9n\u00e9rations Roller<\/a><\/p>\n<\/div>\n<\/div>\n<\/div>\n<\/div>\n<\/div>\n<\/div>\n<div class=\"vc_row wpb_row vc_row-fluid\">\n<div class=\"wpb_column vc_column_container vc_col-sm-12\">\n<div class=\"vc_column-inner\">\n<div class=\"wpb_wrapper\">\n<div class=\"wpb_text_column wpb_content_element \">\n<div class=\"wpb_wrapper\">\n<h2>\u00a0<\/h2>\n<h2><span style=\"color: #0d9da4;\">Samedi 6 Juin<\/span><\/h2>\n<\/div>\n<\/div>\n<\/div>\n<\/div>\n<\/div>\n<\/div>\n<div class=\"vc_row wpb_row vc_row-fluid\">\n<div class=\"wpb_column vc_column_container vc_col-sm-3\">\n<div class=\"vc_column-inner\">\n<div class=\"wpb_wrapper\">\n<div class=\"wpb_text_column wpb_content_element \">\n<div class=\"wpb_wrapper\">\n<h3><span style=\"color: #80b051;\"><strong>Initiations gratuites<\/strong><\/span><\/h3>\n<p>Pour adultes et enfants \u00a0de<strong><span style=\"color: #80b051;\"> 13h \u00e0 18h<\/span><br \/><\/strong>Par l\u2019association Lyon Roller M\u00e9tropole<br \/><em>Pr\u00eat de rollers, ainsi que de protections pour adultes et enfants.<br \/><\/em><em>Port du casque et de protections obligatoire pour tous les participants.<\/em><\/p>\n<p>Mais aussi :<br \/>\u2013 Initiations au Roller Hockey propos\u00e9 par Lyon Roller M\u00e9tropole<br \/>\u2013 Initiations au Skate propos\u00e9 par l\u2019association Gones En Skate<\/p>\n<h3><span style=\"color: #80b051;\"><strong>Animations gratuites<\/strong><\/span><\/h3>\n<p>9h &#8211; 10h30 : Roller Hockey Adultes<br \/>10h30 &#8211; 12h : Roller Artistique<br \/>12h &#8211; 12h30 : Slalom<br \/>12h30 &#8211; 13h30 : Short Race<br \/>13h30 &#8211; 15h : Roller Derby<br \/><span style=\"color: #eb6f62;\"><strong>17h &#8211; 20h : LUGDU ROLLER DANCE\u00a0<\/strong><\/span><\/p>\n<div class=\"wpb_column vc_column_container vc_col-sm-9\">\n<div class=\"vc_column-inner\">\n<div class=\"wpb_wrapper\">\n<div class=\"wpb_text_column wpb_content_element \">\n<div class=\"wpb_wrapper\">\n<h2>\u00a0<\/h2>\n<\/div>\n<\/div>\n<\/div>\n<\/div>\n<\/div>\n<\/div>\n<\/div>\n<\/div>\n<\/div>\n<\/div>\n<\/div>\n<div class=\"vc_row wpb_row vc_row-fluid\">\n<div class=\"wpb_column vc_column_container vc_col-sm-12\">\n<div class=\"vc_column-inner\">\n<div class=\"wpb_wrapper\">\n<div class=\"wpb_text_column wpb_content_element \">\n<div class=\"wpb_wrapper\">\n<h2><span style=\"color: #0d9da4;\">Dimanche 7 Juin<\/span><\/h2>\n<\/div>\n<\/div>\n<\/div>\n<\/div>\n<\/div>\n<\/div>\n<div class=\"vc_row wpb_row vc_row-fluid\">\n<div class=\"wpb_column vc_column_container vc_col-sm-3\">\n<div class=\"vc_column-inner\">\n<div class=\"wpb_wrapper\">\n<div class=\"wpb_text_column wpb_content_element \">\n<div class=\"wpb_wrapper\">\n<h3><span style=\"color: #80b051;\"><strong>Initiations gratuites<\/strong><\/span><\/h3>\n<p>Pour adultes et enfants \u00a0de<strong><span style=\"color: #80b051;\"> 10h \u00e0 18h<\/span><br \/><\/strong>Par l\u2019association Lyon Roller M\u00e9tropole<br \/><em>Pr\u00eat de rollers, ainsi que de protections pour adultes et enfants.<br \/><\/em><em>Port du casque et de protections obligatoire pour tous les participants.<\/em><\/p>\n<p>Mais aussi :<br \/>\u2013 Initiations au Roller Hockey propos\u00e9 par Lyon Roller M\u00e9tropole<br \/>\u2013 Initiations au Skate propos\u00e9 par l\u2019association Gones En Skate\u00a0<\/p>\n<\/div>\n<\/div>\n<\/div>\n<\/div>\n<\/div>\n<\/div>\n<\/div>\n<div class=\"vc_row wpb_row vc_row-fluid\">\n<div class=\"wpb_column vc_column_container vc_col-sm-9\">\n<div class=\"vc_column-inner\">\n<div class=\"wpb_wrapper\">\n<div class=\"wpb_text_column wpb_content_element \">\n<div class=\"wpb_wrapper\">\n<h3><span style=\"color: #80b051;\"><strong>Animations gratuites<\/strong><\/span><\/h3>\n<p>9h &#8211; 10h30 : Roller Hockey Adultes<br \/>10h30 &#8211; 12h : Roller Dance<br \/>12-13h30 : Rink Hockey<br \/>13h30 &#8211; 13h45 : Show de Skateboard Dancing<br \/>13h45 &#8211; 15h45 : Roller Hockey Juniors &amp; adultes<br \/>15h45 &#8211; 17h : Roller Dance<\/p>\n<\/div>\n<\/div>\n<\/div>\n<\/div>\n<\/div>\n<\/div>\n<div class=\"vc_row wpb_row vc_row-fluid\">\n<div class=\"wpb_column vc_column_container vc_col-sm-3\">\n<div class=\"vc_column-inner\">\n<div class=\"wpb_wrapper\">\n<div class=\"wpb_text_column wpb_content_element \">\n<div class=\"wpb_wrapper\">\n<h3><span style=\"color: #794e93;\"><strong>Village<\/strong><\/span><\/h3>\n<\/div>\n<\/div>\n<\/div>\n<\/div>\n<\/div>\n<div class=\"wpb_column vc_column_container vc_col-sm-9\">\n<div class=\"vc_column-inner\">\n<div class=\"wpb_wrapper\">\n<div class=\"wpb_text_column wpb_content_element \">\n<div class=\"wpb_wrapper\">\n<p><strong>Toute la journ\u00e9e : <\/strong>village expo partenaires, buvette&#8230;<\/p>\n<\/div>\n<\/div>\n<\/div>\n<\/div>\n<\/div>\n<\/div>\n<\/article>\n<\/div>\n<\/div>\n<\/div>\n<\/div>\n","protected":false},"excerpt":{"rendered":"<p>Retrouvez les informations n\u00e9cessaires pour acc\u00e9der \u00e0 la Place Bellecour ici. Vendredi 5 Juin Ouverture du LUGDUNUM ROLLER CONTEST Randonn\u00e9e Roller Rendez-vous 20h30 place Bellecour pour la RANDONN\u00c9E sp\u00e9ciale Lugdunum : une seule grande boucle de 23 km ouverte \u00e0 tous et au plus grand nombre. Quelques speeds au rendez-vous ! Gratuit. Voir parcours. Organis\u00e9e [&hellip;]<\/p>\n","protected":false},"author":1,"featured_media":0,"parent":0,"menu_order":0,"comment_status":"closed","ping_status":"closed","template":"","meta":{"footnotes":""},"class_list":["post-86","page","type-page","status-publish","hentry"],"_links":{"self":[{"href":"https:\/\/lugdunumcontest.com\/index.php\/wp-json\/wp\/v2\/pages\/86","targetHints":{"allow":["GET"]}}],"collection":[{"href":"https:\/\/lugdunumcontest.com\/index.php\/wp-json\/wp\/v2\/pages"}],"about":[{"href":"https:\/\/lugdunumcontest.com\/index.php\/wp-json\/wp\/v2\/types\/page"}],"author":[{"embeddable":true,"href":"https:\/\/lugdunumcontest.com\/index.php\/wp-json\/wp\/v2\/users\/1"}],"replies":[{"embeddable":true,"href":"https:\/\/lugdunumcontest.com\/index.php\/wp-json\/wp\/v2\/comments?post=86"}],"version-history":[{"count":10,"href":"https:\/\/lugdunumcontest.com\/index.php\/wp-json\/wp\/v2\/pages\/86\/revisions"}],"predecessor-version":[{"id":165,"href":"https:\/\/lugdunumcontest.com\/index.php\/wp-json\/wp\/v2\/pages\/86\/revisions\/165"}],"wp:attachment":[{"href":"https:\/\/lugdunumcontest.com\/index.php\/wp-json\/wp\/v2\/media?parent=86"}],"curies":[{"name":"wp","href":"https:\/\/api.w.org\/{rel}","templated":true}]}}